{"id":112,"date":"2023-08-05T23:58:46","date_gmt":"2023-08-05T21:58:46","guid":{"rendered":"https:\/\/purelistening.de\/wpres\/?page_id=112"},"modified":"2023-08-11T10:59:40","modified_gmt":"2023-08-11T08:59:40","slug":"musik-archiv","status":"publish","type":"page","link":"https:\/\/purelistening.de\/wpres\/","title":{"rendered":"\u00dcber&#8230;"},"content":{"rendered":"\n<div class=\"wp-block-media-text alignwide is-stacked-on-mobile\" style=\"grid-template-columns:39% auto\"><figure class=\"wp-block-media-text__media\"><img loading=\"lazy\" decoding=\"async\" width=\"512\" height=\"512\" src=\"https:\/\/purelistening.de\/wpres\/wp-content\/uploads\/2023\/08\/cropped-IMG_4584.png\" alt=\"\" class=\"wp-image-22 size-full\" srcset=\"https:\/\/purelistening.de\/wpres\/wp-content\/uploads\/2023\/08\/cropped-IMG_4584.png 512w, https:\/\/purelistening.de\/wpres\/wp-content\/uploads\/2023\/08\/cropped-IMG_4584-300x300.png 300w, https:\/\/purelistening.de\/wpres\/wp-content\/uploads\/2023\/08\/cropped-IMG_4584-150x150.png 150w, https:\/\/purelistening.de\/wpres\/wp-content\/uploads\/2023\/08\/cropped-IMG_4584-270x270.png 270w, https:\/\/purelistening.de\/wpres\/wp-content\/uploads\/2023\/08\/cropped-IMG_4584-192x192.png 192w, https:\/\/purelistening.de\/wpres\/wp-content\/uploads\/2023\/08\/cropped-IMG_4584-180x180.png 180w, https:\/\/purelistening.de\/wpres\/wp-content\/uploads\/2023\/08\/cropped-IMG_4584-32x32.png 32w\" sizes=\"auto, (max-width: 512px) 100vw, 512px\" \/><\/figure><div class=\"wp-block-media-text__content\">\n<p class=\"has-text-align-left\">Hans-Werner Schneider, geboren 1953 in Essen-Kettwig, studierte nach dem Abitur an der Folkwang Musikhochschule in Essen-Werden zun\u00e4chst Schulmusik, wechselte dann in das Fach Komposition unter Wolfgang Hufschmidt (Abschlusspr\u00e4dikat: Summa cum laude). W\u00e4hrenddessen war er als Chorleiter und Organist in M\u00fclheim\/Ruhr t\u00e4tig. Nach dem Studium absolvierte er eine Ausbildung als Kirchenmusiker und arbeitete kurz darauf in eben jenem Beruf als Angestellter.<\/p>\n\n\n\n<p class=\"has-text-align-left\">An der Folkwang Musikhochschule lehrte er in den F\u00e4chern Synthesizer und Computermusik und vertonte <a href=\"https:\/\/purelistening.de\/wpres\/diashows\/\" data-type=\"page\" data-id=\"8\" target=\"_blank\" rel=\"noreferrer noopener\">Diashows<\/a> in seinem Tonstudio in Oberhausen.<\/p>\n\n\n\n<p class=\"has-text-align-left\">Er leitete ein Mandolinenorchester mit eigenen Arrangements, war Stummfilmbegleiter auf Orgel und Klavier, Schlagzeuger, Gr\u00fcndungsmitglied von &#8222;Ars Cantiqua&#8220; in Essen u.a. als Zinkenist; als Multiinstrumentalist war er vielseitig konzertant unterwegs mit gr\u00f6\u00dftenteils eigenen Arrangements.<\/p>\n\n\n\n<p class=\"has-text-align-left\">In den 90er Jahren gab er auch Privatunterricht, z.B. dem Komponisten und Saxophonisten <a href=\"https:\/\/www.stephan-schulte.net\/\" data-type=\"URL\" data-id=\"https:\/\/www.stephan-schulte.net\/\" target=\"_blank\" rel=\"noreferrer noopener\">Stephan Schulte<\/a>; in den 2000er Jahren hatte er <a rel=\"noreferrer noopener\" href=\"https:\/\/purelistening.de\/wpres\/live-konzerte\/\" data-type=\"page\" data-id=\"10\" target=\"_blank\">Live-Auftritte<\/a> zusammen mit der S\u00e4ngerin und Lebensgef\u00e4hrtin Ursula Reinhard.<\/p>\n\n\n\n<p class=\"has-text-align-left\">Auf diesen Seiten sollen seine Werke archiviert und der \u00d6ffentlichkeit zug\u00e4nglich gemacht werden.<\/p>\n\n\n\n<p class=\"has-text-align-left\">Hans-Werner Schneider verstarb im Juni 2023.<\/p>\n<\/div><\/div>\n","protected":false},"excerpt":{"rendered":"<p>Hans-Werner Schneider, geboren 1953 in Essen-Kettwig, studierte nach dem Abitur an der Folkwang Musikhochschule in Essen-Werden zun\u00e4chst Schulmusik, wechselte dann in das Fach Komposition unter Wolfgang Hufschmidt (Abschlusspr\u00e4dikat: Summa cum laude). W\u00e4hrenddessen war er als Chorleiter und Organist in M\u00fclheim\/Ruhr t\u00e4tig. Nach dem Studium absolvierte er eine Ausbildung als Kirchenmusiker und arbeitete kurz darauf in &hellip; <\/p>\n<p class=\"link-more\"><a href=\"https:\/\/purelistening.de\/wpres\/\" class=\"more-link\"><span class=\"screen-reader-text\">\u201e\u00dcber&#8230;\u201c <\/span>weiterlesen<\/a><\/p>\n","protected":false},"author":1,"featured_media":0,"parent":0,"menu_order":0,"comment_status":"closed","ping_status":"closed","template":"","meta":{"footnotes":""},"class_list":["post-112","page","type-page","status-publish","hentry","entry"],"_links":{"self":[{"href":"https:\/\/purelistening.de\/wpres\/wp-json\/wp\/v2\/pages\/112","targetHints":{"allow":["GET"]}}],"collection":[{"href":"https:\/\/purelistening.de\/wpres\/wp-json\/wp\/v2\/pages"}],"about":[{"href":"https:\/\/purelistening.de\/wpres\/wp-json\/wp\/v2\/types\/page"}],"author":[{"embeddable":true,"href":"https:\/\/purelistening.de\/wpres\/wp-json\/wp\/v2\/users\/1"}],"replies":[{"embeddable":true,"href":"https:\/\/purelistening.de\/wpres\/wp-json\/wp\/v2\/comments?post=112"}],"version-history":[{"count":8,"href":"https:\/\/purelistening.de\/wpres\/wp-json\/wp\/v2\/pages\/112\/revisions"}],"predecessor-version":[{"id":192,"href":"https:\/\/purelistening.de\/wpres\/wp-json\/wp\/v2\/pages\/112\/revisions\/192"}],"wp:attachment":[{"href":"https:\/\/purelistening.de\/wpres\/wp-json\/wp\/v2\/media?parent=112"}],"curies":[{"name":"wp","href":"https:\/\/api.w.org\/{rel}","templated":true}]}}